 - 13. Suppose 0 = -q - v + 8. Suppose f - 116 = -q*f. Calculate the remainder when f is divided by 8.
5
Let t = -1 + -8. Let q = 20 + t. Calculate the remainder when q is divided by (12/5)/((126/30)/7).
3
Calculate the remainder when 1650 is divided by (2/8)/(115/5980).
12
Let z(v) = -v**2 + 33*v - 19. What is the remainder when z(16) is divided by 43?
38
Let p = 171 - 117. Calculate the remainder when 105 is divided by p.
51
Suppose 40*i = 13*i + 1296. Calculate the remainder when 334 is divided by i.
46
Let w be 0 + -3*1 - (-15 - -12). Suppose w*d - 75 = -5*d. Calculate the remainder when 53 is divided by d.
8
Let i(a) be the third derivative of -a**6/40 - a**5/60 - a**4/24 + a**3/6 + 14*a**2. What is the remainder when 113 is divided by i(-2)?
21
What is the remainder when (-1)/(3/(-318)*(-3 - -4)) is divided by 54?
52
Calculate the remainder when 1472 + 2 + -4 - 30/10 is divided by 10.
7
Suppose 0 = f + f - 4*l - 116, -152 = -2*f - 5*l. Let t be 2/(-3)*f/(-4). Suppose 2*i - t - 7 = 0. What is the remainder when i is divided by 6?
3
Suppose 3*v - 6*x + 2*x = 4, -22 = -5*v - x. Suppose -70*i + 2*f = -75*i + 92, 2*i - 4*f - 32 = 0. Calculate the remainder when i is divided by v.
2
Let d(r) be the second derivative of -r**4/12 - r**3/3 + 2*r**2 - 7*r. What is the remainder when 10 is divided by d(-2)?
2
Let b be (4/(-6))/(10/(-90)). Let k = b - 0. Calculate the remainder when 12 is divided by k.
0
Suppose 5*z - 5*j + 213 = 1093, 0 = 5*z - 3*j - 882. What is the remainder when z is divided by 15?
12
Calculate the remainder when (84/8)/(3/68) is divided by 20.
18
Let c(x) = 5*x**2 - 1 + 2*x - x**2 + 0*x**2. What is the remainder when 21 is divided by c(-2)?
10
Suppose -21*p + 234 = 5*p. Let a = -73 + 117. Calculate the remainder when a is divided by p.
8
Let b(i) = 307*i**3 - i**2 + i. What is the remainder when b(1) is divided by 31?
28
Let h be (-3495)/(-90) - 1/(-6). Suppose 0 = 3*b - 234 + h. Calculate the remainder when b is divided by 17.
14
Calculate the remainder when (-14 - 0)*((-108)/(-21) - 6) is divided by 4.
0
Calculate the remainder when 62/62*(203 + 0) is divided by 203.
0
What is the remainder when (-494)/(-133) + 4/14 + 64 is divided by 23?
22
Let u be 82/(-26) + 3 + 2/13. Suppose -3*c + 2*d + 0*d + 106 = 0, -c + d + 35 = u. Calculate the remainder when c is divided by 20.
16
Suppose -y = -2*y + 4. Suppose -85 = -y*g + 123. Let r = g - 34. What is the remainder when 69 is divided by r?
15
Suppose -3*d - 4*g + 27 = 0, -7*d = -2*d + 5*g - 50. Let t = -63 - -126. What is the remainder when t is divided by d?
11
Suppose 5*l - 6*c - 305 = -11*c, -2*c + 236 = 4*l. Calculate the remainder when 127 is divided by l.
13
Let l(f) = 14 - f - 16 + 9. Let k be l(0). Let g = -5 + k. What is the remainder when 2 is divided by g?
0
Suppose 0 = -3*d - 2*n - 96 + 239, 0 = 5*n - 5. Calculate the remainder when 185 is divided by d.
44
Let f = -5 - -18. Let z = -39 + 70. Suppose -5*t + 33 = -2*s, -t - 3*s + z = 3*t. What is the remainder when f is divided by t?
6
Suppose 5*w + 11*w - 4384 = 0. Calculate the remainder when w is divided by 73.
55
Suppose -3*i + 29 = -31. Let x(l) = 6*l**3 + 2*l**2 - 1. Let k be x(1). Let q = k + 70. Calculate the remainder when q is divided by i.
17
What is the remainder when 60/100*(2 - -330 - -3) is divided by 65?
6
Suppose u - 6*u = -100. Let a = 213 + -113. Suppose a + 128 = 4*l. Calculate the remainder when l is divided by u.
17
Suppose -57*u - 165 = -2*q - 52*u, q - 82 = 3*u. Calculate the remainder when q is divided by 12.
1
Let h(b) = b**3 - 2*b**2 + b + 1. Let n be h(2). Let d = 1 + n. Suppose d*t = -20, -51 = -2*s + 4*t - 3*t. What is the remainder when s is divided by 13?
10
Suppose -q = -j + 8, -3*q - 10 = -2*j + 7. Calculate the remainder when j is divided by 4.
3
What is the remainder when 357 is divided by 6/14 - (834/(-14) + 0)?
57
Suppose 2*h - 20*b + 22*b - 90 = 0, 0 = 5*h - 3*b - 265. What is the remainder when 100 is divided by h?
0
Let c = 48 - 29. Let q = -21 + c. Calculate the remainder when 6 is divided by (-2 + 2)/1 - q.
0
Suppose -c - 15 = -2*c. Calculate the remainder when (-903)/(-9) + 5 - 8/6 is divided by c.
14
Let b(r) = -r**3 - 8*r**2 + r - 7. Let i be b(-5). Let y = 128 + i. Calculate the remainder when y is divided by 14.
13
Let a(y) be the third derivative of 7*y**4/6 + 19*y**3/6 - 39*y**2. What is the remainder when a(2) is divided by 4?
3
Let y(q) = q**2 + 12*q - 73. What is the remainder when 213 is divided by y(5)?
9
Let n(b) = -11*b**3 - b**2 - 4*b + 1. Let g be n(2). Let y = g + 144. Suppose -3*d + y = 2*d. What is the remainder when d is divided by 4?
1
Let b = -373 + 946. What is the remainder when b is divided by 32?
29
Suppose -2*w - 2 = -s, -4*s - 3*w + 15 = -s. Suppose -r + 14 = -d - 6, -5*r + s*d = -99. Calculate the remainder when 56 is divided by r.
18
Suppose -9*h - 485 + 3041 = 0. Calculate the remainder when h is divided by 4.
0
Let b = 3 + 3. What is the remainder when (-90)/(-72) + (-237)/(-12) is divided by b?
3
Let p = -24 - -32. Suppose -76 = -p*y + 4*y. Calculate the remainder when 73 is divided by y.
16
Suppose 239*u - 254*u + 255 = -30. Suppose 295 = 3*o + 4*s, -27 = -3*o + 2*s + 244. What is the remainder when o is divided by u?
17
Let j = -47 + 94. Calculate the remainder when 162 is divided by j.
21
Suppose 95*d = 96*d - 231. Calculate the remainder when d is divided by 26.
23
Suppose -h + 214 = -3*h - 2*r, 4*h + 448 = r. Let s = 159 + h. What is the remainder when 140 is divided by s?
44
Let d = 23 - -15. What is the remainder when 74 is divided by d?
36
Let k(z) = -4*z - 4. Let b = -5 - -2. Let n be k(b). Suppose -n + 83 = 5*s. Calculate the remainder when 27 is divided by s.
12
Let b(l) be the third derivative of -7*l**4/24 + 7*l**3/6 + l**2. Let t = 64 - 45. What is the remainder when b(-7) is divided by t?
18
Let w(i) = 11*i + 1. Let s(t) = -45*t - 4. Let d(q) = 2*s(q) + 9*w(q). Suppose 25*k - 173 - 912 = -210. Calculate the remainder when k is divided by d(2).
16
Let f be 38/8 + 6/24. Suppose 9 = 3*l - l - f*v, 3*l - 5*v - 16 = 0. Suppose 47*m - 53*m = -120. What is the remainder when m is divided by l?
6
Let u = 60 - 45. Suppose 6 = -14*y + u*y. What is the remainder when 10 is divided by y?
4
Let w(b) = 2*b**3 + 4*b**2 - 50*b + 212. Calculate the remainder when w(4) is divided by 110.
94
Suppose 5*z - 90 = -3*c, 2*z - 3*c = z + 36. Suppose 12 = 2*m - m. Calculate the remainder when 3 - 2*(-1 - z) is divided by m.
11
Let w = 558 + -494. Calculate the remainder when w is divided by 38.
26
What is the remainder when (85/(-10) - -7)/((-2)/216) is divided by 24?
18
What is the remainder when 32 is divided by (-105)/(-21)*3*1?
2
Let g = -1208 + 1235. Calculate the remainder when 198 is divided by g.
9
Let x = -299 - -491. What is the remainder when x is divided by 60?
12
Let f(z) = z + 12. Let h be f(-9). Suppose -h*t - g = -4*g, 27 = -5*t - 4*g. What is the remainder when 27 is divided by (-10)/(-3 - -2) + t?
6
Let p(s) = s**3 - 4*s**2 - s - 6. Let k be p(5). Let w = k + -18. Calculate the remainder when 30 is divided by w/22 + (-246)/(-22).
8
Let z(n) = -n**2 + 3*n + 1. Let o = -7 - -9. Calculate the remainder when 21 is divided by z(o).
0
Suppose 0 = 2*d - 7*d - 325. Let m = d - -78. Calculate the remainder when (1 + 52/(-6))*-3 is divided by m.
10
Suppose 8*v = 6*v. Suppose v = -h - 0*h + 9. Let q = 16 + -12. Calculate the remainder when h is divided by q.
1
Suppose -5*i + 6*i + 13 = 0. Let v = i - -26. Calculate the remainder when v is divided by 7.
6
Suppose -17*q = -14*q - 36. Suppose q*l = 5*l + 350. Calculate the remainder when l is divided by 17.
16
Let r(o) = -21*o + 375. What is the remainder when 83 is divided by r(17)?
11
Suppose 79 = 11*o - 372. Calculate the remainder when 75 is divided by o.
34
Let d be 4/2*(-38)/(-19). Let g be 32/(-14) + (-2)/(-7). Calculate the remainder when 10 is divided by 6/d*4 + g.
2
Suppose -a = 4*a - 155. Let c = 8 - 4. Suppose c*h = 9 + 35. What is the remainder when a is divided by h?
9
Let k be 3/(-6) + (-10)/(-4). Suppose 0*j - 30 = -5*j. What is the remainder when (k/(-3) + -2)*-6 is divided by j?
4
Let m = 1716 - 1664. Calculate the remainder when m is divided by 6.
4
Let l = -1184 + 1354. Calculate